(x) = -12*x + 2. Let p be a(2). Let u(v) = -v**2 - v + 4. Let n be u(3). Let s = n - p. List the prime factors of s.
2, 7
Let k(l) = 10*l**3 + 2*l**2 - 1. Suppose -3*u - 6 = x, 4*u + 34 = -2*x + 5*x. Suppose 3*o + 3 = x. List the prime factors of k(o).
11
Let t = 27 - -40. What are the prime factors of t?
67
Suppose -56 - 88 = -2*s. Suppose 0 = 2*i + f - s, 2*i = -2*f - f + 80. What are the prime factors of i?
2, 17
Suppose -2*o - 20 = 3*o. Let b be (0 - 10)*o/10. Let w(s) = s**2 - 2*s + 1. What are the prime factors of w(b)?
3
Suppose 3*y + m + 12 = 0, -6*y + 3*m - 6 = -y. Let o be (y + 4)/(1/3). Suppose -2*d - 4*c = -20, 0 = o*d - 5*c - 3 - 27. List the prime factors of d.
2, 5
Suppose 0*j + 3*j = 4*a + 44, -22 = -2*j - a. What are the prime factors of j?
2, 3
Let g = 4 + 64. What are the prime factors of g?
2, 17
Let n = -1 + 5. Suppose 5*z - 5 = 2*k - 33, 2*z = -n*k + 80. What are the prime factors of k?
19
Let l = 11 + 1. List the prime factors of l.
2, 3
Let o = 6 + -12. Let f be (-2)/3 + 2/o. List the prime factors of f*2 + (2 - -8).
2
Let u(r) = -2*r + 5. Let n be u(-4). Let m = n - 9. Let h = 20 - m. What are the prime factors of h?
2
Suppose -4*x - 32 = -0*x. Let r be 98/x + (-2)/(-8). Let o = -5 - r. What are the prime factors of o?
7
Let i = -2 + 4. Suppose -i = -q + 4. What are the prime factors of q?
2, 3
Suppose -18*b = -22*b + 16. Let v(z) = z - 4. Let x be v(4). Let f = b - x. List the prime factors of f.
2
Let u(i) be the third derivative of i**4/12 + i**3/6 - i**2. Suppose 2*o - 2 = o. List the prime factors of u(o).
5
Suppose -5*p + 2*s + 32 = -22, 3*s = 3*p - 27. Suppose -y + p = -8. List the prime factors of y.
2, 5
Let p = -4 + 7. Suppose p*d - 28 = 65. List the prime factors of d.
31
Let x(g) = -45*g**3 - g**2 + g + 2. List the prime factors of x(-1).
3, 5
Let r(h) = -h**2 - 12*h + 1. What are the prime factors of r(-11)?
2, 3
What are the prime factors of 4/(-4) - -4 - -68?
71
Let b = 14 + 1. Suppose j = 3*m - m - b, 4*m - 12 = -4*j. What are the prime factors of m?
2, 3
Suppose 0 = 4*k + 75 - 195. List the prime factors of k.
2, 3, 5
Suppose 0 = -2*p + 7 + 617. What are the prime factors of p?
2, 3, 13
Let f be 2*(-1 + 2) + 1. Suppose 0 = -k + 5 + f. List the prime factors of k.
2
Let n(z) = -z**3 + 4*z**2 - 3*z + 4. Let t(u) = u + 10. Let x be t(-7). Suppose 0 = r - x*f - 18, 2*r + 5*f = -11 - 8. What are the prime factors of n(r)?
2
Let v(u) = -1 + u + 2 - 2. Let g be v(5). Suppose -4*r + r + 5*y = -51, -2*r = g*y - 12. List the prime factors of r.
2, 3
Let y be 3/((-3)/26) - 1. Suppose 2*x = x + 39. Let i = x + y. What are the prime factors of i?
2, 3
Suppose 4849 = 12*n + n. What are the prime factors of n?
373
Let z(m) = 2*m**2 + 8*m + 3. Let j be 2/4*3*-4. Let r be z(j). Suppose 5*g = 2*x - 15, -2*g = 3*x - 8*x + r. What are the prime factors of x?
5
Let s(j) = -j**2 - 7*j + 1. Suppose -3*d + 6 = -2*h - 6*d, 4*d + 10 = -3*h. What are the prime factors of s(h)?
7
Let f be 14/4 - (-6)/12. Suppose -2*a - 2*n + 44 = -f*n, 0 = -3*a - 4*n + 31. List the prime factors of a.
17
Let f(h) be the third derivative of -h**6/120 - h**5/20 + h**4/6 + 2*h**3/3 - h**2. Let i be f(-4). Let p = i + -1. What are the prime factors of p?
3
Let c(y) = -7*y**3 + y**2. Let u be 3/4 + (-28)/16. What are the prime factors of c(u)?
2
Let m = 94 + -48. Suppose 4*v - 82 = -5*y, -7*y + 2*y + m = 2*v. What are the prime factors of v?
2, 3
Suppose -2*b = -f + 288, -1596 = -5*f - 4*b - 212. What are the prime factors of f?
2, 5, 7
Suppose 0 = -u - 5*m + 50, -4*m = 4*u - m - 268. List the prime factors of u.
2, 5, 7
Let r(u) = u**3 - 2*u**2 - 4*u + 3. Let j be r(4). Suppose 0 = -2*w - 18. Let f = j + w. What are the prime factors of f?
2, 5
Let b(g) = -g**2 - 11*g - 10. Let r(d) = -d**2 - 2*d + 7. Let m be r(-5). What are the prime factors of b(m)?
2, 7
Suppose 132 = 2*b + b. What are the prime factors of b?
2, 11
Suppose 0 = 4*x + x - 15. Suppose 4*j = -x*s + 8, -4*j - s = -6*s - 8. Suppose -8 = j*z, p + 6*z + 5 = 3*z. List the prime factors of p.
7
Suppose 2*k = -2*k. Suppose -36 = 2*p - k*p. List the prime factors of 212/18 - 4/p.
2, 3
Let v be (-2)/4 - (-1)/(-2). Let j(s) = -s - 1. Let c be j(v). Let x = 12 + c. What are the prime factors of x?
2, 3
Suppose -4*n = w - 4*w - 111, -4*n + 76 = 4*w. What are the prime factors of n?
2, 3
Let c = -12 - -17. Suppose 2*p + c - 93 = 0. What are the prime factors of p?
2, 11
Let y = 41 + -27. Let r be (-1)/((-16)/y - -1). Let m = r + -2. List the prime factors of m.
5
Let h(w) = -w - 7. Let l be h(-10). Let n be ((-2)/l)/(2/(-9)). Suppose y + 2 = 0, 2*d - 6 = n*y - 2*y. List the prime factors of d.
2
Let u be ((-20)/(-25) - -2)*-5. Suppose -4*c + 0*c = -5*n + 95, 4*n - 72 = 3*c. Let f = u - c. What are the prime factors of f?
2, 3
Let j = 9 - 9. Suppose 0 = -j*w + 2*w - 40. List the prime factors of w.
2, 5
Let y be 3/2*8/6. Suppose -3*h = 4*c - 74, -y*c - 3*c - 5 = 0. Suppose -j - h = -2*m + 2*j, 0 = 4*m - 4*j - 44. What are the prime factors of m?
7
Suppose 4 = q + 3. Let r(p) = 16*p**2 - p + 2. What are the prime factors of r(q)?
17
Let a(m) = 30*m + 1. Let j be a(1). Let i = -13 + j. What are the prime factors of i?
2, 3
Let y(s) = s**3 + 5*s**2 + 5*s. Let c be y(-4). Let b be 50/c + (-2)/(-4). List the prime factors of 40/b*(-4 + 1).
2, 5
What are the prime factors of -1 + -3 - (-516)/6?
2, 41
Let b(x) be the third derivative of x**4/4 - x**3/6 + 2*x**2. Let a be (-2)/6 - (-7)/3. What are the prime factors of b(a)?
11
Suppose -13*j - 135 = -14*j. List the prime factors of j.
3, 5
Let a = 17 + 1. List the prime factors of a.
2, 3
List the prime factors of ((-158)/4)/((42/(-6))/14).
79
Suppose -4*c - 884 = -8*c. List the prime factors of c.
13, 17
Let l(m) = m + 2. Let s be l(3). Suppose 5*z - j - 30 = 0, 0 = 3*z + s*j + 8 + 2. Suppose -o - i = i - 10, z*o - 65 = 5*i. List the prime factors of o.
2, 3
Let g = 79 - 35. What are the prime factors of g?
2, 11
Let m(d) be the second derivative of d**3/6 + 9*d**2/2 + d. What are the prime factors of m(8)?
17
Suppose 5*a - s - 497 = 0, 2*s - 67 - 139 = -2*a. What are the prime factors of a?
2, 5
Suppose 0 = 5*t - 6 - 9. List the prime factors of t.
3
Suppose t = -28 + 68. Let v be (17 + 4)/((-6)/8). Let q = v + t. What are the prime factors of q?
2, 3
Let q = 25 - -91. What are the prime factors of q?
2, 29
Let f(z) = -3*z**2 - 11*z - 6. Let r(n) = -2*n**2 - 7*n - 4. Let i(q) = 5*f(q) - 8*r(q). Let k be (-18)/4 - (-3)/6. What are the prime factors of i(k)?
2, 7
Let u be -5 + 8 + 1*2. Suppose u + 3 = 4*c. Suppose -4*f + 30 = -c*f. List the prime factors of f.
3, 5
Suppose -3*w = -83 - 16. What are the prime factors of w?
3, 11
List the prime factors of ((-3)/(-6))/((-3)/(-174)).
29
Let r = 192 - -55. List the prime factors of r.
13, 19
Let m = -86 - -142. Suppose -11*o + m = -7*o. What are the prime factors of o?
2, 7
Let d(k) = -62*k**3 + 2*k + 2. What are the prime factors of d(-1)?
2, 31
Let x = 6 - 0. Let i(v) = -v + 1. Let b be i(-2). Suppose -n - b*g + 20 = 0, 3*n - x*n = -4*g - 8. List the prime factors of n.
2
Let q(k) = -k - 2. Let u be q(-8). Suppose -72 - u = -3*r. List the prime factors of r.
2, 13
Let f be (9/(-2))/(4/8). Let i(l) = -l - 2. List the prime factors of i(f).
7
Let i(c) = c**3 + 6*c**2 + 3*c + 3. What are the prime factors of i(-5)?
13
Suppose 4*q = -2*l + 116, -2*l - 3 + 7 = 0. List the prime factors of q.
2, 7
Let u(s) be the second derivative of s**3/6 - 3*s. Let x be u(4). Suppose -4*f + 4 = 2*q - 2*f, 5*q - 14 = -x*f. What are the prime factors of q?
2, 3
Suppose 4*u = 8*u + 12. Let z be 1*(-1)/((-1)/(-7)). Let n = u - z. List the prime factors of n.
2
Let p(g) = -g**2 - 9*g + 13. Let m = 2 + 0. Let f be (-3)/(-6) - 21/m. List the prime factors of p(f).
3
Suppose 0 = 4*y - 2*g - 130, 5*y + g - 140 = -g. What are the prime factors of y?
2, 3, 5
Suppose 2*g - 348 = -4*g. What are the prime factors of g?
2, 29
Suppose -3*c = -0*c + 9. Let k be (-25)/c + (-2)/(-3). Suppose 3*s = 3*q - 3, 5*q = 3*s + 2 + k. List the prime factors of s.
3
Let w(b) be the third derivative of b**6/120 + b**5/12 - 7*b**4/24 - 5*b**3/6 - 2*b**2. List the prime factors of w(-5).
2, 3, 5
Suppose 2*v - 20 = -a + 6*a, -a - 17 = -3*v. Let b be ((-12)/a